 + j - 811, 4*j = -31*r + 35*r - 644. Calculate the greatest common factor of 2772 and r.
18
Let b be 3*((-880)/(-12) - 4). Suppose h - v - 37 = 13, 4*v - b = -4*h. Let c = 59 - h. Calculate the greatest common factor of c and 32.
8
Suppose -8 = -4*d + 2*n, -34*d + 36*d - 24 = -4*n. Suppose -s + 550 = 3*b, -4*b - d*s + 726 = s. Calculate the greatest common factor of 23 and b.
23
Let z = -640 + 1708. What is the highest common divisor of 24 and z?
12
Suppose 11*z + 70 = 257. Suppose -3*l - 4*a + 224 = 0, 4*l - 6*a - 287 = -9*a. Calculate the greatest common factor of l and z.
17
Let w = -86 + 128. Let s = 54 - w. Suppose 0 = -b + 2*x + s, -b + 2*x = 4*x. What is the greatest common divisor of b and 12?
6
Suppose -x = -1185 + 1101. Calculate the highest common factor of 1050 and x.
42
Suppose 5*m + 58 - 297 = i, 4*m + i = 184. Calculate the greatest common divisor of m and 47.
47
Let t be 348 + (2 - 2)/(42 + -43). Calculate the greatest common factor of t and 5829.
87
Suppose 644 = 12*w + 2 + 354. Suppose -u + 4 = -2. Let d(q) = 2*q**2 - 5*q - 6. Let c be d(u). What is the highest common divisor of w and c?
12
Suppose 0 = k - 54 + 22. Let s be ((-6)/(-4))/((-4)/1280*-12). What is the greatest common factor of s and k?
8
Let b(q) = -3*q**3 - 6*q**2 - 11*q - 6. Suppose -33 = 9*x - 6. Let f be b(x). What is the greatest common divisor of 18 and f?
18
Suppose 3*p = l + 132, p + 4*l = -p + 88. Let j(n) = 4*n**2 + 1. Let i be j(-1). Suppose -9*g = -i*g - 1232. Calculate the highest common factor of g and p.
44
Suppose -5116 - 4604 = -15*z. Suppose -98*f + 62*f = -z. Suppose 2*d - 296 = -2*u, 963 = 4*u + 5*d + 367. What is the highest common divisor of f and u?
18
Let b be 4/(-4)*-1 + 175. Let h be b + 9 + -3 + -8. Calculate the highest common divisor of h and 58.
58
Suppose b - 112 = -4*w, -74 = -5*w + b + 66. Let l(m) = 7*m**2 - 2*m. Let z be l(5). Let o = -161 + z. What is the greatest common factor of w and o?
4
Suppose -221*i = -395*i + 870. Let u(h) = 42*h - 13. Let m be u(9). What is the greatest common factor of i and m?
5
Suppose m + 4*p + 2193 = 12015, 0 = 3*m + p - 29499. Calculate the highest common divisor of m and 66.
66
Let f(z) = -3*z + 51. Let o be f(-18). Suppose 14*a = 679 + o. What is the highest common factor of a and 40?
8
Let p be 7*-3*352/(-264). Calculate the greatest common factor of 428 and p.
4
Let x(j) = -29*j + 6 - 3*j - 4 + 3. Let m be x(-4). Calculate the greatest common divisor of 7 and m.
7
Suppose -15*c + 102 - 921 = -18*c. Calculate the greatest common divisor of c and 483.
21
Let j(n) be the first derivative of 2*n**3/3 - 11*n**2/2 - 12*n - 20. Let w be j(7). Calculate the highest common factor of w and 18.
9
Let s(f) = f**2 + 37*f + 366. Let q be s(-34). What is the highest common factor of 1 and q?
1
Suppose -8559 + 9909 = 90*v. Let u be -1*(-106)/(-4)*-30. What is the greatest common divisor of v and u?
15
Let i = -16 - -16. Suppose -2*o + o = i. Let f = o + 16. What is the highest common factor of f and 2?
2
Suppose 0 = 63*d - 347 - 11119. Calculate the greatest common divisor of d and 42.
14
Suppose m - 4*r = 61 + 63, 0 = -m + r + 103. What is the highest common divisor of 2528 and m?
32
Let w be (-420)/(-1 + -3) - (35 - 38). What is the highest common factor of 258 and w?
6
Suppose 3*p - 88 = 2*q, 0*p - 4*p - 5*q + 102 = 0. Let z(o) = 7*o**2 - 4*o - 1. Let i be z(-9). Calculate the highest common factor of p and i.
14
Suppose 135 = 3*m - 5*w, -4*w + 5*w = 2*m - 83. Let o = m + 14. Let v = 21 - 15. What is the greatest common divisor of o and v?
6
Let a be -10*566/(-4) - 434/(-31 - 31). What is the greatest common divisor of a and 36?
18
Let o = -249 - -229. Let n be (76/(-6))/(o/120). Calculate the greatest common divisor of n and 266.
38
Let h be -21 + 5622 + (-13)/1. What is the greatest common divisor of h and 22?
22
Suppose -66*h + 10007 = 11877 - 35002. Calculate the greatest common divisor of h and 4.
2
Let p be -2 + -2 + 8 + (-43)/(-1). Calculate the highest common divisor of p and 6768.
47
Let w be 4/(-10) + 352/55. Suppose -w*l + 3*l = 2*l. Suppose -b = -3*r - 41, 2*b + l*r - 3*r = 97. Calculate the highest common divisor of 14 and b.
14
Suppose 0 = 5*s + 5*u - 100, s + 4*u - 7 = 1. Suppose -5*x + 5*j + 220 = 0, -17*x = -14*x - j - 116. Calculate the highest common factor of x and s.
12
Let o(u) = -91*u - 1330. Let n be o(-15). What is the greatest common factor of n and 3276?
7
Let a(o) be the first derivative of -o**3/3 - o**2 + 4*o + 6. Let k be a(-4). Let q be (9 - 2)*(-8)/k. Calculate the greatest common divisor of 56 and q.
14
Let u be 1*24/30*35. What is the greatest common factor of 3206 and u?
14
Let s be (-6)/8 + (-183582)/(-147)*28/32. Calculate the highest common divisor of 1428 and s.
84
Suppose 0 = 2*f, -2*f = -a - 3*a + 4. Let q(u) = 423*u**3 + 2*u**2 - 4*u + 2. Let b be q(a). What is the highest common divisor of b and 9?
9
Let n = -8515 - -9180. Calculate the highest common divisor of n and 56.
7
Let w = -12552 + 12688. Calculate the greatest common factor of w and 1326.
34
Let v = -36 - -36. Suppose -3*u - r + v*r = -80, 2*u - 72 = 4*r. What is the greatest common factor of u and 434?
14
Let o(k) be the first derivative of 2*k**3/3 + 7*k**2/2 - 45*k + 133. Let r be o(4). What is the highest common factor of r and 105?
15
Suppose 5*s = -10, -y - s + 90 = 4*s. Let l be (2/(-6))/(45/(-3375)). What is the greatest common divisor of y and l?
25
Let b(v) = v**3 + 2*v**2 - 6*v - 4. Let a be b(2). Suppose 5*j - 54 = -2*d + 166, a = -5*d + 3*j + 550. Calculate the greatest common factor of d and 10.
10
Let y(s) = -2*s**3 + 36*s**2 + 78*s - 646. Let l be y(19). Calculate the highest common factor of 76 and l.
38
Suppose -2*i = -14*i - 1342 + 1354. Calculate the greatest common factor of i and 11.
1
Let o be 1/(-2) + 531/6. Suppose 4*y - 99 - 122 = 3*n, -4*y - 5*n = -197. Let u = o - y. What is the greatest common divisor of 7 and u?
7
Let o be 1704/15 + (-1 - 7/(-5)). Let s = -94 + o. What is the highest common divisor of 50 and s?
10
Let d = -661 + 665. Let v be (166/8)/1 + 1/d. Let z be ((-105)/4)/((-2)/8). Calculate the greatest common factor of v and z.
21
Let n be 20/28*7 + 0/4. Calculate the greatest common divisor of 65 and n.
5
Suppose 0 = 2*a - 103 - 9. Let o be (1/(-2))/((-7)/a). Suppose 2*d + 6 = -4, -2*d + 458 = o*v. Calculate the greatest common divisor of v and 78.
39
Let m be (-1 + -37)*14/(-7). Let n(z) = -z**2 - 7*z - 2. Let a be n(-5). Let r = m - a. Calculate the greatest common factor of 17 and r.
17
Let o = 4 + 119. Suppose 2*h - 3*x = 213, h = 4*x - 19 + o. What is the greatest common divisor of h and 24?
12
Suppose -4*l + 49 = -2*u - 89, -3*u = -4*l + 135. Let h = 167 + l. Let j be 0 - 1 - (2 - 32). Calculate the greatest common factor of j and h.
29
Let l(h) = 32*h**2 - 8*h + 6. Let q be l(1). Let n(k) = -4*k + 10. Let b be n(-8). What is the greatest common divisor of q and b?
6
Suppose -372 - 7806 = 35*j - 209*j. What is the greatest common divisor of j and 5?
1
Let f(j) = j**3 + 6*j**2 - 22*j + 3. Let s be f(-9). Let u be (-60)/(-14)*(-196)/s. Suppose 2*x - 164 + u = 0. Calculate the highest common factor of 108 and x.
36
Let n = -1561 + 1849. Calculate the highest common factor of 64 and n.
32
Suppose 0 = -18*k - 490 - 410. Let b = k + 218. Calculate the highest common factor of b and 48.
24
Let z = -5737 + 5744. What is the highest common divisor of z and 10157?
7
Suppose 4*c = -5*f + 2512, -4*c - 226 - 790 = -2*f. Calculate the greatest common divisor of f and 13944.
168
Let j be (-25)/(-7) + ((-27)/21*1)/(-3). What is the highest common factor of 20 and j?
4
Suppose -d = f - 62, -d - 11*f + 56 = -12*f. Let c = 131 - d. Let l be 2/(-2)*16/(-2). What is the highest common divisor of l and c?
8
Suppose 12*x = 8*x + 5*c - 17, -c - 3 = -4*x. Suppose -285 = -2*t - 3*y, x*t + 79 = -2*y + 367. Calculate the highest common factor of 42 and t.
21
Let u be 10/(-35) - (-1276)/7. Let k be (-1)/4 - (-3990)/280. Calculate the greatest common divisor of u and k.
14
Let q(z) = z**3 + 10*z**2 + 9*z + 9. Let f be q(-9). Suppose 19501 = 71*r - 57179. Calculate the greatest common factor of f and r.
9
Suppose 5*j - 12*j + 63 = 0. Suppose j*o = -35*o + 5720. What is the highest 